d by 567?
11
What is the remainder when 5758 is divided by 1906?
40
Calculate the remainder when 2685 is divided by 542.
517
Calculate the remainder when 775 is divided by 20.
15
What is the remainder when 18664 is divided by 888?
16
Calculate the remainder when 6609 is divided by 14.
1
What is the remainder when 19848 is divided by 358?
158
Calculate the remainder when 6535 is divided by 2177.
4
Calculate the remainder when 8921 is divided by 529.
457
Calculate the remainder when 10478 is divided by 120.
38
Calculate the remainder when 21312 is divided by 135.
117
Calculate the remainder when 2961 is divided by 582.
51
Calculate the remainder when 5961 is divided by 4.
1
What is the remainder when 22010 is divided by 344?
338
Calculate the remainder when 1175 is divided by 322.
209
What is the remainder when 1251 is divided by 225?
126
Calculate the remainder when 1011390 is divided by 20.
10
What is the remainder when 48586 is divided by 43?
39
What is the remainder when 268625 is divided by 38373?
14
Calculate the remainder when 5885 is divided by 1176.
5
What is the remainder when 4708 is divided by 27?
10
Calculate the remainder when 18970 is divided by 1456.
42
What is the remainder when 4188 is divided by 2026?
136
Calculate the remainder when 230913 is divided by 75.
63
What is the remainder when 55840 is divided by 47?
4
Calculate the remainder when 833 is divided by 786.
47
What is the remainder when 167738 is divided by 633?
626
Calculate the remainder when 24335 is divided by 861.
227
What is the remainder when 3261473 is divided by 35?
33
What is the remainder when 30880 is divided by 1286?
16
Calculate the remainder when 212937 is divided by 67.
11
Calculate the remainder when 660654 is divided by 355.
354
Calculate the remainder when 1636 is divided by 543.
7
What is the remainder when 3052 is divided by 47?
44
Calculate the remainder when 69266 is divided by 679.
8
What is the remainder when 264 is divided by 24?
0
Calculate the remainder when 14550 is divided by 91.
81
What is the remainder when 1545279 is divided by 99?
87
Calculate the remainder when 53362 is divided by 156.
10
What is the remainder when 817 is divided by 85?
52
What is the remainder when 11824 is divided by 61?
51
Calculate the remainder when 403 is divided by 52.
39
Calculate the remainder when 20154 is divided by 19.
14
Calculate the remainder when 261 is divided by 45.
36
Calculate the remainder when 61067 is divided by 4692.
71
What is the remainder when 26297 is divided by 114?
77
Calculate the remainder when 13236 is divided by 308.
300
What is the remainder when 13046 is divided by 56?
54
What is the remainder when 3345 is divided by 329?
55
What is the remainder when 7535 is divided by 3753?
29
What is the remainder when 5755 is divided by 2646?
463
Calculate the remainder when 107406 is divided by 22.
2
What is the remainder when 40850 is divided by 661?
529
What is the remainder when 72853 is divided by 59?
47
What is the remainder when 11337 is divided by 391?
389
Calculate the remainder when 248779 is divided by 132.
91
Calculate the remainder when 2220 is divided by 185.
0
Calculate the remainder when 210444 is divided by 21.
3
Calculate the remainder when 86857 is divided by 86804.
53
What is the remainder when 3326 is divided by 14?
8
Calculate the remainder when 2972 is divided by 71.
61
Calculate the remainder when 35850 is divided by 8944.
74
Calculate the remainder when 1077 is divided by 1060.
17
Calculate the remainder when 215707 is divided by 1563.
13
What is the remainder when 73841 is divided by 547?
543
What is the remainder when 3360 is divided by 84?
0
Calculate the remainder when 7769 is divided by 3506.
757
Calculate the remainder when 173064 is divided by 1024.
8
What is the remainder when 19748 is divided by 1173?
980
Calculate the remainder when 5575982 is divided by 71.
68
What is the remainder when 1755 is divided by 121?
61
What is the remainder when 5448 is divided by 1553?
789
What is the remainder when 216176 is divided by 299?
298
What is the remainder when 50166 is divided by 52?
38
Calculate the remainder when 11708 is divided by 378.
368
What is the remainder when 6251 is divided by 769?
99
What is the remainder when 130113 is divided by 11826?
27
Calculate the remainder when 75792 is divided by 15.
12
Calculate the remainder when 55289 is divided by 92.
89
What is the remainder when 490966 is divided by 268?
258
Calculate the remainder when 7170 is divided by 34.
30
What is the remainder when 67788 is divided by 320?
268
Calculate the remainder when 92871 is divided by 152.
151
Calculate the remainder when 17655 is divided by 81.
78
What is the remainder when 26534 is divided by 248?
246
Calculate the remainder when 4220 is divided by 392.
300
What is the remainder when 3319 is divided by 81?
79
What is the remainder when 63683 is divided by 1447?
15
What is the remainder when 200174 is divided by 715?
689
Calculate the remainder when 11707 is divided by 2339.
12
What is the remainder when 12666 is divided by 138?
108
Calculate the remainder when 177615 is divided by 1909.
78
Calculate the remainder when 3673 is divided by 732.
13
Calculate the remainder when 2044 is divided by 299.
250
Calculate the remainder when 2314 is divided by 9.
1
Calculate the remainder when 783 is divided by 203.
174
Calculate the remainder when 71707 is divided by 296.
75
What is the remainder when 13537 is divided by 50?
37
What is the remainder when 12406 is divided by 37?
11
Calculate the remainder when 910773 is divided by 29.
28
Calculate the remainder when 3540195 is divided by 83.
79
Calculate the remainder when 1546 is divided by 396.
358
What is the remainder when 379 is divided by 295?
84
What is the remainder when 17385 is divided by 115?
20
What is the remainder when 101201 is divided by 50589?
23
What is the remainder when 2525 is divided by 505?
0
Calculate the remainder when 5882 is divided by 13.
6
Calculate the remainder when 3363 is divided by 983.
414
Calculate the remainder when 5692 is divided by 52.
24
What is the remainder when 9196 is divided by 4565?
66
What is the remainder when 190437 is divided by 257?
0
Calculate the remainder when 99641 is divided by 484.
421
Calculate the remainder when 46844 is divided by 3343.
42
What is the remainder when 1493 is divided by 497?
2
What is the remainder when 36690 is divided by 287?
241
Calculate the remainder when 4983 is divided by 61.
42
Calculate the remainder when 6742 is divided by 37.
8
What is the remainder when 1483 is divided by 96?
43
What is the remainder when 29758 is divided by 19?
4
Calculate the remainder when 2060 is divided by 164.
92
What is the remainder when 426 is divided by 109?
99
Calculate the remainder when 363660 is divided by 27.
24
What is the remainder when 574778 is divided by 38317?
23
Calculate the remainder when 6833 is divided by 3156.
521
What is the remainder when 1863 is divided by 342?
153
Calculate the remainder when 18547 is divided by 4501.
543
Calculate the remainder when 2283533 is divided by 118.
115
Calculate the remainder when 345139 is divided by 71.
8
What is the remainder when 60216 is divided by 20030?
126
Calculate the remainder when 8152 is divided by 103.
15
Calculate the remainder when 75399 is divided by 142.
139
What is the remainder when 23200 is divided by 102?
46
Calculate the remainder when 14761 is divided by 214.
209
Calculate the remainder when 58423 is divided by 134.
133
What is the remainder when 41149 is divided by 10?
9
Calculate the remainder when 17377 is divided by 8688.
1
Calculate the remainder when 6720 is divided by 97.
27
Calculate the remainder when 174928 is divided by 147.
145
What is the remainder when 91215 is divided by 95?
15
What is the remainder when 41436 is divided by 963?
27
What is the remainder when 120407 is divided by 10?
7
What is the remainder when 4305 is divided by 624?
561
What is the remainder when 2619 is divided by 415?
129
Calculate the remainder when 15671 is divided by 12.
11
Calculate the remainder when 22441 is divided by 4472.
81
What is the remainder when 13687 is divided by 1884?
499
What is the remainder when 1360 is divided by 28?
16
Calculate the remainder